 Suppose 4*i + 1 = -7. What is the remainder when 85 is divided by f(i)?
27
Let s(o) = -o + 18. Let r be s(0). Let y = -8 + r. What is the remainder when 19 is divided by y?
9
Let l be (-22 - (-1)/1)*1. Let s = -43 - l. Let p = 31 + s. What is the remainder when 17 is divided by p?
8
Suppose 4 - 12 = -q. Suppose 45 = 5*n - 2*m, m = n - q - 4. Let l = 11 - 7. What is the remainder when n is divided by l?
3
Let h(f) = -3*f + 1. Let j be h(1). What is the remainder when 51 is divided by j/5 - (-402)/30?
12
Suppose -d + 4*d = -k - 2, d = -5. Suppose 0 = -o - 4 + 12. What is the remainder when k is divided by o?
5
Suppose -4*r = -3*r - 17. Calculate the remainder when r is divided by (-85)/(-10) - -3*(-1)/(-2).
7
Suppose -r + 1161 = 8*r. Let i(y) = 2*y**2 - 8*y - 9. Calculate the remainder when r is divided by i(7).
30
Let g(i) = -i**3 - 4*i**2 + 4. Let y be g(-4). Suppose 4*w - 32 = y. Calculate the remainder when 33 is divided by w.
6
Calculate the remainder when 26/(-39)*(-27)/2 is divided by 2.
1
Suppose 2*b - 8*b + 156 = 0. What is the remainder when 103 is divided by b?
25
Suppose -5*z + 8 = 3*o, -5*z + 0*z - 4*o + 4 = 0. Let q be (-4)/6 - 1/3. Calculate the remainder when 1 is divided by (-1 + z)*q/(-3).
0
Calculate the remainder when 24 is divided by (-13)/26 + 58/4.
10
Suppose 2*c - 3 = 1. Suppose r - 22 = -2*r - 2*o, -4*r + 5*o + 14 = 0. What is the remainder when r is divided by c?
0
Let g(z) be the second derivative of z**5/20 + 5*z**4/12 - 7*z**3/6 - z**2/2 + z. Calculate the remainder when g(-6) is divided by 2.
1
Suppose 113 = o + 9. Calculate the remainder when o is divided by 35.
34
Let m be ((-5)/5)/(0 - -1). Let i = m + 4. Calculate the remainder when (-2 + i)*25/1 is divided by 13.
12
Let g(a) = a**2 - 4*a - 2. Let h(n) = 2*n**2 - 8*n - 5. Let s(q) = 7*g(q) - 4*h(q). What is the remainder when (40 - 1)/((-3)/(-2)) is divided by s(3)?
8
Suppose -o = -5, -3*o = -3*k - 0 - 36. Let d(t) = t**2 + 5*t - 5. What is the remainder when d(k) is divided by 3?
0
Let o(r) = r**2 + 9*r + 18. Let z be o(-10). Let v = z - 9. What is the remainder when 36 is divided by v?
17
Let o(c) = c + 19. Suppose 4*f - 2*l + 6*l + 12 = 0, -25 = -5*l. What is the remainder when 31 is divided by o(f)?
9
Let k = -35 - -47. Calculate the remainder when 21 is divided by k.
9
Suppose -105 = 4*z - 9*z. What is the remainder when 22 is divided by z/(1 + 2) + 1?
6
Let i(u) = -2*u + 11. Suppose 2*l - 103 = -39. Calculate the remainder when l is divided by i(0).
10
Let n = 13 - 7. What is the remainder when (-1)/3 + (-61)/(-3) is divided by (-46)/(-6) + (-4)/n?
6
Let v(s) = -s**2 + 17*s - 2. What is the remainder when v(10) is divided by 18?
14
Let u be 52/(3 - 1) - 3. Let t = 39 - u. Calculate the remainder when 45 is divided by t.
13
Suppose 0 = -d + 4*t + 35, -3*d = 2*t + t - 45. Suppose -b - 2 = 2. Calculate the remainder when d is divided by b + 14 - (-2 - -2).
9
Suppose -5*q + 111 = -139. Calculate the remainder when ((-60)/q)/((-4)/130) is divided by 8.
7
Suppose -4*b + 3 + 13 = 0. What is the remainder when 65 is divided by b/16 - (-67)/4?
14
Suppose -2*a - 3*o = 237, -5*a - o = 3*o + 603. Let w be -2*(a/6 + 0). Suppose -4*g + 157 = w. What is the remainder when g is divided by 10?
9
Let g(d) = d**3 - 8*d**2 - 9*d + 5. Let t be g(9). Suppose -4*w - 16 = 0, t*f + 2*w = 7*w + 125. What is the remainder when f is divided by 8?
5
Let r(o) = -o**2 + 5*o - 3. Let f(g) = 4*g - 2. Let c(j) = 4*f(j) - 3*r(j). What is the remainder when c(-7) is divided by 36?
33
Let y(l) = l**2 + 3*l + 3. Let f(a) = a**2 - 2. Let w be f(-3). Calculate the remainder when w*(-1 - 0)/(-1) is divided by y(-3).
1
Suppose 4*v - 42 = v. Suppose 4*x - 49 - 15 = 0. What is the remainder when v is divided by (-1 + -4)*x/(-10)?
6
Let o be (-4)/(-22) - 576/(-99). Let p = 14 + o. Calculate the remainder when p is divided by 6.
2
Suppose 0*o - 80 = -5*o. Suppose 4*s + o = 48. What is the remainder when 30 is divided by s?
6
Let v = -1 + 3. Suppose -v*a + 0 = -2. Calculate the remainder when a is divided by -4 + -2 + 4 - -3.
0
Suppose 31 = 3*a + 10. Let s(f) = f - 2. Let g be s(7). Calculate the remainder when a is divided by (-6)/15 - (-17)/g.
1
Suppose 26 + 44 = 10*h. Let m = 10 + 7. Calculate the remainder when m is divided by h.
3
Let u = 359 - 303. Suppose -3*t + 93 + 12 = 0. Let o = t + -16. What is the remainder when u is divided by o?
18
Let h = -11 + 14. Suppose -3*n - 5*o = -101, h*o = -2*n - 3*n + 147. Calculate the remainder when n is divided by 10.
7
Suppose -5*d + 31 = -44. What is the remainder when 26 is divided by d?
11
Suppose 0*b - 51 = -3*b. Suppose -4*m - m = 65. What is the remainder when b is divided by (-5 - m) + 2/1?
7
Let a(o) = 5*o - 3. Let g(k) = 4*k - 5. Let b(u) = -u**3 + 4*u**2 + u. Let n be b(4). What is the remainder when a(7) is divided by g(n)?
10
Let y = -72 + 80. Calculate the remainder when 21 is divided by y.
5
Let h(p) = 2*p**3 - 3*p + 2. Let s be h(2). Let l = -6 + s. What is the remainder when (2 - 1 - -10)*1 is divided by l?
5
Let n(y) = 2*y**3 - y**2 + 4. Let w(i) = -i**2 + i - 1. Let v be w(0). What is the remainder when n(3) is divided by v/(((-8)/34)/4)?
15
Let r = 5 + -2. Suppose -4*x - 3*n + 23 = 0, -2*x - 2*n = r*x - 20. Calculate the remainder when x is divided by 1.
0
Let m(v) = 5*v - 32. What is the remainder when 29 is divided by m(10)?
11
Let p(x) = -x**3 + 5*x**2 - 3*x - 4. Let y be p(3). Suppose -25 = y*k - 75. Suppose 0*h = 2*h - 56. What is the remainder when h is divided by k?
8
Let a(r) = -r**3 + 6*r**2 + 5*r + 8. Let y be a(7). Let x = y - -5. Let v = x - -10. What is the remainder when 16 is divided by v?
7
Suppose 0 - 30 = -3*z. Suppose -3 = -5*n + 82. Let y = n + 2. Calculate the remainder when y is divided by z.
9
Suppose -5*x = 84 + 21. Calculate the remainder when 81 is divided by (x/4)/(1/(-4)).
18
Suppose 0 = -0*l - 3*l + 5*z + 176, -l = -z - 56. Suppose 13*v - 18*v - 5*p = -135, 4*v - 2*p = 108. What is the remainder when l is divided by v?
25
Let y = 5 - 5. Suppose -r + 5*a = -6 - 23, -4*r + 2*a + 26 = y. Suppose -5*b + r = -1. Calculate the remainder when b is divided by 1.
0
Let h(r) = r**3 + 6*r**2 - 9*r + 2. Suppose -3*o = 8*s - 3*s + 48, -6 = 2*s. Let y = -5 - o. What is the remainder when h(-7) is divided by y?
4
Suppose i + 6 = 5*u, 3*u + 2*i = -3*i + 26. Suppose -u*x = -10, 0*x = -3*z - 4*x - 79. What is the remainder when 0 - (2 + z) - 0 is divided by 11?
9
Let r be 4/(-10) - (-72)/30. Suppose 0 = r*y + 8, 3*y - 2 = -5*v + 26. Calculate the remainder when v is divided by 5.
3
Calculate the remainder when 76 is divided by 6/(-30) + 51/5.
6
Let g = -7 + 4. Let q = 5 + 8. What is the remainder when 1/(g - 436/(-144)) is divided by q?
10
Let z(t) = 17*t + 1. Let r be z(-2). What is the remainder when (3 + r/(-7))*7 is divided by 14?
12
Let j(b) = -128*b**3 - 2*b**2 + 1. Calculate the remainder when j(-1) is divided by 64.
63
Suppose -6 = -2*s + 10. Let d = -4 + s. Suppose -2*f - d*y + 238 = f, 5*f - 386 = 4*y. Calculate the remainder when f is divided by 20.
18
Suppose 2*h + 8 = 4*h. What is the remainder when 11 is divided by h?
3
Suppose 5*c - 2 = 3*v + 4, -c - 3*v - 6 = 0. Suppose 3*b + 12 = c, 3*b - 18 = -3*i - 0*b. Let x = -6 + i. Calculate the remainder when x is divided by 2.
0
Let v(u) = 2*u**2 - 18*u + 25. Calculate the remainder when v(11) is divided by 36.
33
Suppose -3*o + 4*o - 11 = 0. What is the remainder when 32 is divided by o?
10
Calculate the remainder when 72 is divided by 9/((-54)/(-174)) + (1 - 5).
22
Suppose -i - 2*i + 21 = 0. Let y = -17 - -19. What is the remainder when i is divided by y?
1
Suppose 5*v + t - 24 = 0, 11 - 43 = -5*v - 3*t. Suppose -36 - 15 = -3*z. Suppose l + 7 = z. What is the remainder when l is divided by v?
2
Suppose 10*i - 6*i = 268. Calculate the remainder when i is divided by 14.
11
Suppose -8*n = -163 - 853. Calculate the remainder when n is divided by 13.
10
Let x(b) = -b**2 + 7*b + 2. Let v = 122 + -87. What is the remainder when v is divided by x(5)?
11
Let w = 31 - 20. Calculate the remainder when 41 is divided by w.
8
Let s(q) = 6*q + 59. Let n(z) = -z**3 + 5*z**2 + 2*z - 2. What is the remainder when s(-5) is divided by n(5)?
5
Let n be (-1)/(-4) - 30/(-8). Suppose 5